{"id":6568,"date":"2023-05-08T00:26:42","date_gmt":"2023-05-07T22:26:42","guid":{"rendered":"https:\/\/www.bsg-edeka.de\/aktuelles\/?page_id=6568"},"modified":"2023-07-03T10:20:17","modified_gmt":"2023-07-03T08:20:17","slug":"radfahren-minden","status":"publish","type":"page","link":"https:\/\/www.bsg-edeka.de\/aktuelles\/radfahren-minden\/","title":{"rendered":"Radsport &#8211; Minden"},"content":{"rendered":"<p>[et_pb_section fb_built=&#8220;1&#8243; _builder_version=&#8220;4.16&#8243; global_colors_info=&#8220;{}&#8220;][et_pb_row _builder_version=&#8220;4.16&#8243; background_size=&#8220;initial&#8220; background_position=&#8220;top_left&#8220; background_repeat=&#8220;repeat&#8220; global_colors_info=&#8220;{}&#8220;][et_pb_column type=&#8220;4_4&#8243; _builder_version=&#8220;4.16&#8243; custom_padding=&#8220;|||&#8220; global_colors_info=&#8220;{}&#8220; custom_padding__hover=&#8220;|||&#8220;][et_pb_post_title meta=&#8220;off&#8220; featured_image=&#8220;off&#8220; disabled_on=&#8220;off||&#8220; admin_label=&#8220;Posttitel&#8220; _builder_version=&#8220;4.21.0&#8243; background_color=&#8220;RGBA(255,255,255,0)&#8220; border_style=&#8220;solid&#8220; global_colors_info=&#8220;{}&#8220;][\/et_pb_post_title][et_pb_text admin_label=&#8220;Tex&#8220; _builder_version=&#8220;4.21.0&#8243; global_colors_info=&#8220;{}&#8220;]<\/p>\n<table style=\"width: 100%;\">\n<tbody>\n<tr>\n<td style=\"width: 0.754717%;\">\u00a0<\/td>\n<td style=\"width: 45.0943%;\">\n<p dir=\"ltr\"><strong><br \/><a href=\"https:\/\/www.bsg-edeka.de\/wp-content\/uploads\/2023\/05\/Radfahrer.png\"><img loading=\"lazy\" decoding=\"async\" class=\"wp-image-6571 aligncenter \" src=\"https:\/\/www.bsg-edeka.de\/wp-content\/uploads\/2023\/05\/Radfahrer.png\" alt=\"\" width=\"260\" height=\"260\" srcset=\"https:\/\/www.bsg-edeka.de\/wp-content\/uploads\/2023\/05\/Radfahrer.png 250w, https:\/\/www.bsg-edeka.de\/wp-content\/uploads\/2023\/05\/Radfahrer-150x150.png 150w\" sizes=\"(max-width: 260px) 100vw, 260px\" \/><\/a><\/strong><\/p>\n<p>&nbsp;<\/p>\n<\/td>\n<td style=\"width: 52.6415%;\">\n<p dir=\"ltr\"><strong>Auf einen Blick:<\/strong><\/p>\n<p><strong>Spartenleitung: Ralf Begemann, Tel.: 0571 802-1968<\/strong><\/p>\n<\/td>\n<\/tr>\n<\/tbody>\n<\/table>\n<p>&nbsp;<\/p>\n<p>[\/et_pb_text][et_pb_text admin_label=&#8220;Text&#8220; _builder_version=&#8220;4.21.0&#8243; _module_preset=&#8220;default&#8220; hover_enabled=&#8220;0&#8243; global_colors_info=&#8220;{}&#8220; sticky_enabled=&#8220;0&#8243;]<\/p>\n<p class=\"edk-abstract\">Die Sparte wurde im April 2023 gegr\u00fcndet. Genaue Fahr-Termine werden \u00fcber die Intranetseite der EDEKA Minden-Hannover bekanntgegeben. Gestartet wird i.d.R. an der EDEKA Zentrale der Wittelsbacherallee 61 in Minden.<\/p>\n<p class=\"edk-abstract\">Die Radsport-Gruppe der BSG EDEKA unternimmt regelm\u00e4\u00dfig sch\u00f6ne Touren in der n\u00e4heren Umgebung. Machen Sie mit!<\/p>\n<p>Die Radsportgruppe trifft sich in lockeren Abst\u00e4nden (und an verschiedenen Wochentagen). Alle Fahrradfans, egal ob motorisiert oder nicht, sind herzlich willkommen!<\/p>\n<p><img loading=\"lazy\" decoding=\"async\" class=\"wp-image-6764 alignnone size-medium\" src=\"https:\/\/www.bsg-edeka.de\/wp-content\/uploads\/2023\/07\/PXL_20230629_153803454.MP_exported-300x225.jpg\" alt=\"\" width=\"300\" height=\"225\" \/><\/p>\n<p>[\/et_pb_text][\/et_pb_column][\/et_pb_row][et_pb_row column_structure=&#8220;3_4,1_4&#8243; _builder_version=&#8220;4.16&#8243; background_size=&#8220;initial&#8220; background_position=&#8220;top_left&#8220; background_repeat=&#8220;repeat&#8220; global_colors_info=&#8220;{}&#8220;][et_pb_column type=&#8220;3_4&#8243; _builder_version=&#8220;4.16&#8243; custom_padding=&#8220;|||&#8220; global_colors_info=&#8220;{}&#8220; custom_padding__hover=&#8220;|||&#8220;][et_pb_blog include_categories=&#8220;101&#8243; show_content=&#8220;on&#8220; show_comments=&#8220;on&#8220; show_pagination=&#8220;on&#8220; admin_label=&#8220;Blog&#8220; _builder_version=&#8220;4.21.0&#8243; background_color=&#8220;RGBA(255,255,255,0)&#8220; pagination_font_size_tablet=&#8220;51&#8243; pagination_line_height_tablet=&#8220;2&#8243; border_style=&#8220;solid&#8220; use_dropshadow=&#8220;off&#8220; global_colors_info=&#8220;{}&#8220;][\/et_pb_blog][\/et_pb_column][et_pb_column type=&#8220;1_4&#8243; _builder_version=&#8220;4.16&#8243; custom_padding=&#8220;|||&#8220; global_colors_info=&#8220;{}&#8220; custom_padding__hover=&#8220;|||&#8220;][et_pb_sidebar area=&#8220;sidebar-1&#8243; _builder_version=&#8220;4.16&#8243; global_colors_info=&#8220;{}&#8220;][\/et_pb_sidebar][\/et_pb_column][\/et_pb_row][\/et_pb_section]<\/p>\n","protected":false},"excerpt":{"rendered":"<p>\u00a0 &nbsp; Auf einen Blick: Spartenleitung: Ralf Begemann, Tel.: 0571 802-1968 &nbsp;Die Sparte wurde im April 2023 gegr\u00fcndet. Genaue Fahr-Termine werden \u00fcber die Intranetseite der EDEKA Minden-Hannover bekanntgegeben. Gestartet wird i.d.R. an der EDEKA Zentrale der Wittelsbacherallee 61 in Minden. Die Radsport-Gruppe der BSG EDEKA unternimmt regelm\u00e4\u00dfig sch\u00f6ne Touren in der n\u00e4heren Umgebung. Machen Sie [&hellip;]<\/p>\n","protected":false},"author":21,"featured_media":0,"parent":0,"menu_order":0,"comment_status":"closed","ping_status":"closed","template":"","meta":{"_et_pb_use_builder":"on","_et_pb_old_content":"","_et_gb_content_width":"","footnotes":""},"class_list":["post-6568","page","type-page","status-publish","hentry"],"_links":{"self":[{"href":"https:\/\/www.bsg-edeka.de\/aktuelles\/wp-json\/wp\/v2\/pages\/6568","targetHints":{"allow":["GET"]}}],"collection":[{"href":"https:\/\/www.bsg-edeka.de\/aktuelles\/wp-json\/wp\/v2\/pages"}],"about":[{"href":"https:\/\/www.bsg-edeka.de\/aktuelles\/wp-json\/wp\/v2\/types\/page"}],"author":[{"embeddable":true,"href":"https:\/\/www.bsg-edeka.de\/aktuelles\/wp-json\/wp\/v2\/users\/21"}],"replies":[{"embeddable":true,"href":"https:\/\/www.bsg-edeka.de\/aktuelles\/wp-json\/wp\/v2\/comments?post=6568"}],"version-history":[{"count":0,"href":"https:\/\/www.bsg-edeka.de\/aktuelles\/wp-json\/wp\/v2\/pages\/6568\/revisions"}],"wp:attachment":[{"href":"https:\/\/www.bsg-edeka.de\/aktuelles\/wp-json\/wp\/v2\/media?parent=6568"}],"curies":[{"name":"wp","href":"https:\/\/api.w.org\/{rel}","templated":true}]}}

<p>[et_pb_section fb_built=&#8220;1&#8243; _builder_version=&#8220;4.16&#8243; global_colors_info=&#8220;{}&#8220;][et_pb_row _builder_version=&#8220;4.16&#8243; background_size=&#8220;initial&#8220; background_position=&#8220;top_left&#8220; background_repeat=&#8220;repeat&#8220; global_colors_info=&#8220;{}&#8220;][et_pb_column type=&#8220;4_4&#8243; _builder_version=&#8220;4.16&#8243; custom_padding=&#8220;|||&#8220; global_colors_info=&#8220;{}&#8220; custom_padding__hover=&#8220;|||&#8220;][et_pb_post_title meta=&#8220;off&#8220; featured_image=&#8220;off&#8220; disabled_on=&#8220;off||&#8220; admin_label=&#8220;Posttitel&#8220; _builder_version=&#8220;4.21.0&#8243; background_color=&#8220;RGBA(255,255,255,0)&#8220; border_style=&#8220;solid&#8220; global_colors_info=&#8220;{}&#8220;][/et_pb_post_title][et_pb_text admin_label=&#8220;Tex&#8220; _builder_version=&#8220;4.21.0&#8243; global_colors_info=&#8220;{}&#8220;]</p>
<table style="width: 100%;">
<tbody>
<tr>
<td style="width: 0.754717%;"> </td>
<td style="width: 45.0943%;">
<p dir="ltr"><strong><br /><a href="https://www.bsg-edeka.de/wp-content/uploads/2023/05/Radfahrer.png"><img loading="lazy" decoding="async" class="wp-image-6571 aligncenter " src="https://www.bsg-edeka.de/wp-content/uploads/2023/05/Radfahrer.png" alt="" width="260" height="260" srcset="https://www.bsg-edeka.de/wp-content/uploads/2023/05/Radfahrer.png 250w, https://www.bsg-edeka.de/wp-content/uploads/2023/05/Radfahrer-150x150.png 150w" sizes="(max-width: 260px) 100vw, 260px" /></a></strong></p>
<p>&nbsp;</p>
</td>
<td style="width: 52.6415%;">
<p dir="ltr"><strong>Auf einen Blick:</strong></p>
<p><strong>Spartenleitung: Ralf Begemann, Tel.: 0571 802-1968</strong></p>
</td>
</tr>
</tbody>
</table>
<p>&nbsp;</p>
<p>[/et_pb_text][et_pb_text admin_label=&#8220;Text&#8220; _builder_version=&#8220;4.21.0&#8243; _module_preset=&#8220;default&#8220; hover_enabled=&#8220;0&#8243; global_colors_info=&#8220;{}&#8220; sticky_enabled=&#8220;0&#8243;]</p>
<p class="edk-abstract">Die Sparte wurde im April 2023 gegründet. Genaue Fahr-Termine werden über die Intranetseite der EDEKA Minden-Hannover bekanntgegeben. Gestartet wird i.d.R. an der EDEKA Zentrale der Wittelsbacherallee 61 in Minden.</p>
<p class="edk-abstract">Die Radsport-Gruppe der BSG EDEKA unternimmt regelmäßig schöne Touren in der näheren Umgebung. Machen Sie mit!</p>
<p>Die Radsportgruppe trifft sich in lockeren Abständen (und an verschiedenen Wochentagen). Alle Fahrradfans, egal ob motorisiert oder nicht, sind herzlich willkommen!</p>
<p><img loading="lazy" decoding="async" class="wp-image-6764 alignnone size-medium" src="https://www.bsg-edeka.de/wp-content/uploads/2023/07/PXL_20230629_153803454.MP_exported-300x225.jpg" alt="" width="300" height="225" /></p>
<p>[/et_pb_text][/et_pb_column][/et_pb_row][et_pb_row column_structure=&#8220;3_4,1_4&#8243; _builder_version=&#8220;4.16&#8243; background_size=&#8220;initial&#8220; background_position=&#8220;top_left&#8220; background_repeat=&#8220;repeat&#8220; global_colors_info=&#8220;{}&#8220;][et_pb_column type=&#8220;3_4&#8243; _builder_version=&#8220;4.16&#8243; custom_padding=&#8220;|||&#8220; global_colors_info=&#8220;{}&#8220; custom_padding__hover=&#8220;|||&#8220;][et_pb_blog include_categories=&#8220;101&#8243; show_content=&#8220;on&#8220; show_comments=&#8220;on&#8220; show_pagination=&#8220;on&#8220; admin_label=&#8220;Blog&#8220; _builder_version=&#8220;4.21.0&#8243; background_color=&#8220;RGBA(255,255,255,0)&#8220; pagination_font_size_tablet=&#8220;51&#8243; pagination_line_height_tablet=&#8220;2&#8243; border_style=&#8220;solid&#8220; use_dropshadow=&#8220;off&#8220; global_colors_info=&#8220;{}&#8220;][/et_pb_blog][/et_pb_column][et_pb_column type=&#8220;1_4&#8243; _builder_version=&#8220;4.16&#8243; custom_padding=&#8220;|||&#8220; global_colors_info=&#8220;{}&#8220; custom_padding__hover=&#8220;|||&#8220;][et_pb_sidebar area=&#8220;sidebar-1&#8243; _builder_version=&#8220;4.16&#8243; global_colors_info=&#8220;{}&#8220;][/et_pb_sidebar][/et_pb_column][/et_pb_row][/et_pb_section]</p>

<p>  &nbsp; Auf einen Blick: Spartenleitung: Ralf Begemann, Tel.: 0571 802-1968 &nbsp;Die Sparte wurde im April 2023 gegründet. Genaue Fahr-Termine werden über die Intranetseite der EDEKA Minden-Hannover bekanntgegeben. Gestartet wird i.d.R. an der EDEKA Zentrale der Wittelsbacherallee 61 in Minden. Die Radsport-Gruppe der BSG EDEKA unternimmt regelmäßig schöne Touren in der näheren Umgebung. Machen Sie [&hellip;]</p>
