{"id":482,"date":"2014-08-09T17:10:01","date_gmt":"2014-08-09T15:10:01","guid":{"rendered":"http:\/\/2014.bsg-edeka.de\/?page_id=482"},"modified":"2024-04-15T10:43:07","modified_gmt":"2024-04-15T08:43:07","slug":"volleyball-freienbrink","status":"publish","type":"page","link":"https:\/\/www.bsg-edeka.de\/aktuelles\/betriebstaete\/minden\/volleyball-freienbrink\/","title":{"rendered":"Volleyball Freienbrink"},"content":{"rendered":"\n[et_pb_section][et_pb_row][et_pb_column type=&#8220;4_4&#8243;][et_pb_text]<h1>\u00a0 Volleyball Freienbrink<\/h1>\n\n<hr \/>\n\n<a href=\"http:\/\/bsg-edeka.de\/wp-content\/uploads\/2014\/08\/janko-kuehn1-1.jpg\"><img loading=\"lazy\" decoding=\"async\" class=\"wp-image-3180 size-medium alignright\" src=\"http:\/\/bsg-edeka.de\/wp-content\/uploads\/2014\/08\/janko-kuehn1-1-300x286.jpg\" alt=\"\" width=\"300\" height=\"286\" srcset=\"https:\/\/www.bsg-edeka.de\/wp-content\/uploads\/2014\/08\/janko-kuehn1-1-300x286.jpg 300w, https:\/\/www.bsg-edeka.de\/wp-content\/uploads\/2014\/08\/janko-kuehn1-1.jpg 500w\" sizes=\"(max-width: 300px) 100vw, 300px\" \/><\/a><a href=\"http:\/\/bsg-edeka.de\/wp-content\/uploads\/2014\/06\/Volleyball.jpg\"><img loading=\"lazy\" decoding=\"async\" class=\"alignleft size-medium wp-image-839\" src=\"http:\/\/2014.bsg-edeka.de\/wp-content\/uploads\/2014\/06\/Volleyball-300x225.jpg\" alt=\"Volleyball\" width=\"300\" height=\"225\" \/><\/a>\n<p dir=\"ltr\" style=\"text-align: center;\"><span style=\"color: #333399; font-size: 18pt; font-family: arial,helvetica,sans-serif;\">Auf einen Blick:<\/span><\/p>\n\n<div style=\"text-align: center;\"><span style=\"color: #333399; font-size: 10pt; font-family: arial,helvetica,sans-serif;\">Trainingszeiten:<\/span><\/div>\n<div style=\"text-align: center;\"><span style=\"color: #333399; font-size: 10pt; font-family: arial,helvetica,sans-serif;\"> Jeden Donnerstag von 19:00-21:00 Uhr <\/span><\/div>\n<div style=\"text-align: center;\"><span style=\"color: #333399; font-size: 10pt;\"><span style=\"font-family: arial,helvetica,sans-serif;\">in der E.O.N.-Sporthalle (Hegel Str. 30 in 15517\u00a0 F\u00fcrstenwalde)<\/span>\n<\/span><\/div>\n\n<hr \/>\n\n<span style=\"color: #333399; font-size: 14pt; font-family: arial,helvetica,sans-serif;\">Volleyball Geschichte<\/span>\n\n<span style=\"color: #333399; font-family: arial,helvetica,sans-serif; font-size: 10pt;\">In der zweiten H\u00e4lfte des Jahres 1895 wurde von William G. Morgan, einem Sportdirektor des YMCA, in Holyoke, Massachusetts, ein Spiel namens Mintonette als Zeitvertreib f\u00fcr \u00e4ltere Mitglieder\u00a0entwickelt. Es galt als sanfte Alternative zum Basketball, das im 16 km entfernten Springfield vier Jahre zuvor entstanden war. Die Hallensportart enthielt charakteristische Elemente aus Tennis und Handball. Morgan selbst verfasste auch die ersten Regeln. Diese sahen ein 25 x 50 Feet (7,62 m x 15,24 m) gro\u00dfes Feld und ein 6 Feet 6 Inches (1,98 m) hohes Netz vor. Die Zahl der Spieler war ebenso unbegrenzt wie die Zahl der erlaubten Ballkontakte. Bei einem Fehlaufschlag gab es wie beim Tennis einen zweiten Versuch.<\/span>\n\n<span style=\"color: #333399; font-family: arial,helvetica,sans-serif; font-size: 10pt;\">Anl\u00e4sslich einer Konferenz aller Sportdirektoren des YMCA in Springfield, zu Beginn des Jahres 1896, wurde das Spiel\u00a0vorgestellt, und der, 1952 nur geringf\u00fcgig ge\u00e4nderte, Name Volley Ball vorgeschlagen und akzeptiert. Auch die Regeln wurden leicht ver\u00e4ndert.<\/span>\n\n<span style=\"color: #333399; font-family: arial,helvetica,sans-serif; font-size: 10pt;\">In den folgenden Jahren verbreitete sich die Sportart \u00fcber Kanada (1900) in die ganze Welt. Sie wurde w\u00e4hrend des Ersten Weltkriegs von amerikanischen Soldaten in Osteuropa eingef\u00fchrt, wo er sich zu einem sehr popul\u00e4ren Sport entwickelte. Bis zur Mitte des 20. Jahrhunderts verbreitete er sich \u00fcber den gesamten Kontinent. Viele Techniken und Taktiken, die den modernen Volleyball pr\u00e4gen, wurden von europ\u00e4ischen Mannschaften eingef\u00fchrt. Beispiele hierf\u00fcr sind das Blocken (Tschechoslowakei, 1938), das 5-1 System der UdSSR, das Baggern (Tschechoslowakei, 1958) und die Angriffe aus der hinteren Reihe (Polen, 1974).<\/span>\n\n<span style=\"font-size: 14pt; color: #333399; font-family: arial,helvetica,sans-serif;\">Volleyball in der BSG EDEKA<\/span>\n\n<span style=\"color: #333399; font-family: arial,helvetica,sans-serif;\"><span style=\"font-size: 10pt;\">Die Sparte Volleyball(Freienbrink), wurde 2009 von Janko K\u00fchn gegr\u00fcndet. Seitdem nehmen wir an unz\u00e4hligen Turnieren teil. Wir freuen uns immer, wenn neue Gesichter aus der Edekagruppe das Interesse am Volleyballsport haben, und uns bei den Turnieren unterst\u00fctzen<\/span>.<\/span>\n\n<span style=\"color: #333399; font-family: arial,helvetica,sans-serif;\">\u00a0<\/span>\n\n<hr \/>\n\n<span style=\"font-family: arial,helvetica,sans-serif;\">\u00a0<\/span>\n\n<span style=\"color: #333399; font-size: 14pt; font-family: arial,helvetica,sans-serif;\">Ergebnisse<\/span>\n\n<hr \/>\n\n<span style=\"color: #333399;\">Mixed-Runde 2015\/2016<\/span>\n\n<a href=\"http:\/\/bsg-edeka.de\/wp-content\/uploads\/2014\/08\/15X-Rang_0_Page_2.jpg\"><img loading=\"lazy\" decoding=\"async\" class=\"aligncenter size-full wp-image-3475\" src=\"http:\/\/bsg-edeka.de\/wp-content\/uploads\/2014\/08\/15X-Rang_0_Page_2.jpg\" alt=\"15x-rang_0_page_2\" width=\"1244\" height=\"384\" srcset=\"https:\/\/www.bsg-edeka.de\/wp-content\/uploads\/2014\/08\/15X-Rang_0_Page_2.jpg 1244w, https:\/\/www.bsg-edeka.de\/wp-content\/uploads\/2014\/08\/15X-Rang_0_Page_2-300x93.jpg 300w, https:\/\/www.bsg-edeka.de\/wp-content\/uploads\/2014\/08\/15X-Rang_0_Page_2-768x237.jpg 768w, https:\/\/www.bsg-edeka.de\/wp-content\/uploads\/2014\/08\/15X-Rang_0_Page_2-1024x316.jpg 1024w\" sizes=\"(max-width: 1244px) 100vw, 1244px\" \/><\/a>\n\n<span style=\"color: #333399;\"><a style=\"color: #333399;\" href=\"http:\/\/bsg-edeka.de\/wp-content\/uploads\/2014\/08\/14X-Einzel_0-1.pdf\">14x-einzel_0<\/a> <\/span>\n\n<span style=\"color: #333399;\"><a style=\"color: #333399;\" href=\"http:\/\/bsg-edeka.de\/wp-content\/uploads\/2014\/08\/14X-Rang_0-1.pdf\">14x-rang_0<\/a><\/span>\n\n<hr \/>\n\n<span style=\"color: #333399;\">Mixed-Runde Volleyball Berlin 2015<\/span>\n<div><span style=\"color: #333399; font-size: 10pt;\">am 15.11. hatten wir unsern ersten Spieltag in der neuen Saison. Wir spielten gegen Brians J\u00fcnger und Friedenspfeifen. Beide Spiele haben wir 3:1 verloren.<\/span><\/div>\n<div><span style=\"color: #333399; font-size: 10pt;\">Leider sind die Ergebnisse noch nicht online.<\/span><\/div>\n<div><\/div>\n<div><\/div>\n<div><\/div>\n<div><\/div>\n<div><\/div>\n<div><\/div>\n<div><\/div>\n<div><\/div>\n<div>\n\n<hr \/>\n\n<\/div>\n<span style=\"color: #333399; font-size: 10pt;\"><a style=\"color: #333399;\" href=\"http:\/\/www.bsg-edeka.de\/wp-content\/uploads\/2014\/08\/Bericht-Start-der-neuen-Saison.pdf\">Bericht Start der neuen Saison<\/a><\/span>\n\n<span style=\"font-size: 10pt; color: #333399;\"><a style=\"color: #333399;\" href=\"http:\/\/bsg-edeka.de\/wp-content\/uploads\/2014\/08\/14X-Rang_01.pdf\">14X-Rang_0(1)<\/a><\/span>\n\n<span style=\"color: #333399; font-size: 10pt;\"><a style=\"color: #333399;\" href=\"http:\/\/www.bsg-edeka.de\/wp-content\/uploads\/2014\/08\/14X-Einzel_0.pdf\">14X-Einzel_0<\/a><\/span>\n\n<span style=\"color: #333399; font-size: 10pt;\"><a style=\"color: #333399;\" href=\"http:\/\/www.bsg-edeka.de\/wp-content\/uploads\/2014\/08\/14X-Rang_0.pdf\">14X-Rang_0<\/a><\/span>\n<p style=\"text-align: left;\"><span style=\"color: #333399; font-size: 10pt;\"><a style=\"color: #333399;\" href=\"http:\/\/www.bsg-edeka.de\/wp-content\/uploads\/2014\/08\/2014-2015mixedrunde.pdf\">2014-2015mixedrunde<\/a><\/span><\/p>\n<p style=\"text-align: left;\"><span style=\"color: #333399; font-size: 10pt;\"><a style=\"color: #333399;\" href=\"http:\/\/www.bsg-edeka.de\/wp-content\/uploads\/2014\/08\/mixed12%13.pdf\">mixed12%13<\/a><\/span><\/p>\n<p style=\"text-align: left;\"><span style=\"color: #333399; font-family: arial,helvetica,sans-serif; font-size: 10pt;\"><a style=\"color: #333399;\" href=\"http:\/\/www.bsg-edeka.de\/wp-content\/uploads\/2014\/08\/Ran-ans-Netz.pdf\">Ran ans Netz<\/a><a style=\"color: #333399;\" href=\"http:\/\/bsg-edeka.de\/wp-content\/uploads\/2014\/08\/DSC_1195.jpg\"><img loading=\"lazy\" decoding=\"async\" class=\"alignright size-medium wp-image-487\" src=\"http:\/\/2014.bsg-edeka.de\/wp-content\/uploads\/2014\/08\/DSC_1195-300x200.jpg\" alt=\"DSC_1195\" width=\"300\" height=\"200\" srcset=\"https:\/\/www.bsg-edeka.de\/wp-content\/uploads\/2014\/08\/DSC_1195-300x200.jpg 300w, https:\/\/www.bsg-edeka.de\/wp-content\/uploads\/2014\/08\/DSC_1195-1024x685.jpg 1024w\" sizes=\"(max-width: 300px) 100vw, 300px\" \/><\/a><\/span><\/p>\n<p style=\"text-align: left;\"><span style=\"color: #333399; font-size: 10pt;\"><a style=\"color: #333399;\" href=\"http:\/\/www.bsg-edeka.de\/wp-content\/uploads\/2014\/08\/Spartenbericht-ran-ans-Netz-11.12.2011.pdf\">Spartenbericht ran ans Netz 11.12.2011<\/a><\/span><\/p>\n<p style=\"text-align: left;\"><span style=\"color: #333399; font-size: 10pt;\"><a style=\"color: #333399;\" href=\"http:\/\/www.bsg-edeka.de\/wp-content\/uploads\/2014\/08\/12X-Rang.pdf\">12X-Rang<\/a><\/span><\/p>\n<p style=\"text-align: left;\"><span style=\"color: #333399; font-size: 10pt;\"><a style=\"color: #333399;\" href=\"http:\/\/www.bsg-edeka.de\/wp-content\/uploads\/2014\/08\/Tabelle-VB-FB.pdf\">Tabelle VB FB<\/a><\/span><\/p>\n<p style=\"text-align: left;\"><span style=\"color: #333399; font-size: 10pt; font-family: arial,helvetica,sans-serif;\"> <a style=\"color: #333399;\" href=\"http:\/\/www.bsg-edeka.de\/wp-content\/uploads\/2014\/08\/Spielergebnisse-VB-FB.pdf\">Spielergebnisse VB FB<\/a>\n<\/span><\/p>\n<p style=\"text-align: left;\"><span style=\"color: #333399; font-size: 10pt;\"><a style=\"color: #333399;\" href=\"http:\/\/www.bsg-edeka.de\/wp-content\/uploads\/2014\/08\/frt12_spielplan_edeka.pdf\">frt12_spielplan_edeka<\/a><\/span><\/p>\n<p style=\"text-align: left;\"><span style=\"color: #333399; font-size: 10pt;\"><a style=\"color: #333399;\" href=\"http:\/\/www.bsg-edeka.de\/wp-content\/uploads\/2014\/08\/frt10_1.pdf\">frt10_1<\/a><\/span><\/p>\n<p style=\"text-align: left;\"><span style=\"color: #333399; font-size: 10pt;\"><a style=\"color: #333399;\" href=\"http:\/\/www.bsg-edeka.de\/wp-content\/uploads\/2014\/08\/fb_volleyball_spielbericht_1.pdf\">fb_volleyball_spielbericht_1<\/a><\/span><\/p>\n<p style=\"text-align: left;\"><span style=\"color: #333399; font-size: 10pt;\"><a style=\"color: #333399;\" href=\"http:\/\/www.bsg-edeka.de\/wp-content\/uploads\/2014\/08\/fb_volleyball_aufruf.pdf\">fb_volleyball_aufruf<\/a><\/span><\/p>\n\n<h3 style=\"text-align: center;\"><\/h3>[\/et_pb_text][\/et_pb_column][\/et_pb_row][\/et_pb_section]\n","protected":false},"excerpt":{"rendered":"<div class=\"et_pb_section et_pb_section_0 et_section_regular\" ><\/div>\n<div class=\"et_pb_with_border et_pb_row et_pb_row_0 et_pb_row_empty\"><\/div>\n<div class=\"et_pb_module et_pb_text et_pb_text_0  et_pb_text_align_left et_pb_bg_layout_light\"><\/div>\n<p>\u00a0 Volleyball Freienbrink Auf einen Blick: Trainingszeiten: Jeden Donnerstag von 19:00-21:00 Uhr in der E.O.N.-Sporthalle (Hegel Str. 30 in 15517\u00a0 F\u00fcrstenwalde) Volleyball Geschichte In der zweiten H\u00e4lfte des Jahres 1895 wurde von William G. Morgan, einem Sportdirektor des YMCA, in Holyoke, Massachusetts, ein Spiel namens Mintonette als Zeitvertreib f\u00fcr \u00e4ltere Mitglieder\u00a0entwickelt. Es galt als sanfte [&hellip;]<\/p>\n","protected":false},"author":5,"featured_media":0,"parent":10,"menu_order":1,"comment_status":"closed","ping_status":"closed","template":"","meta":{"_et_pb_use_builder":"on","_et_pb_old_content":"<h1>\u00a0 Volleyball Freienbrink<\/h1>\n\n<hr \/>\n\n<a href=\"http:\/\/bsg-edeka.de\/wp-content\/uploads\/2014\/08\/janko-kuehn1-1.jpg\"><img class=\"wp-image-3180 size-medium alignright\" src=\"http:\/\/bsg-edeka.de\/wp-content\/uploads\/2014\/08\/janko-kuehn1-1-300x286.jpg\" alt=\"\" width=\"300\" height=\"286\" \/><\/a><a href=\"http:\/\/bsg-edeka.de\/wp-content\/uploads\/2014\/06\/Volleyball.jpg\"><img class=\"alignleft size-medium wp-image-839\" src=\"http:\/\/2014.bsg-edeka.de\/wp-content\/uploads\/2014\/06\/Volleyball-300x225.jpg\" alt=\"Volleyball\" width=\"300\" height=\"225\" \/><\/a>\n<p dir=\"ltr\" style=\"text-align: center;\"><span style=\"color: #333399; font-size: 18pt; font-family: arial,helvetica,sans-serif;\">Auf einen Blick:<\/span><\/p>\n\n<div style=\"text-align: center;\"><span style=\"color: #333399; font-size: 10pt; font-family: arial,helvetica,sans-serif;\">Trainingszeiten:<\/span><\/div>\n<div style=\"text-align: center;\"><span style=\"color: #333399; font-size: 10pt; font-family: arial,helvetica,sans-serif;\"> Jeden Donnerstag von 19:00-21:00 Uhr <\/span><\/div>\n<div style=\"text-align: center;\"><span style=\"color: #333399; font-size: 10pt;\"><span style=\"font-family: arial,helvetica,sans-serif;\">in der E.O.N.-Sporthalle (Hegel Str. 30 in 15517\u00a0 F\u00fcrstenwalde)<\/span>\n<\/span><\/div>\n\n<hr \/>\n\n<span style=\"color: #333399; font-size: 14pt; font-family: arial,helvetica,sans-serif;\">Volleyball Geschichte<\/span>\n\n<span style=\"color: #333399; font-family: arial,helvetica,sans-serif; font-size: 10pt;\">In der zweiten H\u00e4lfte des Jahres 1895 wurde von William G. Morgan, einem Sportdirektor des YMCA, in Holyoke, Massachusetts, ein Spiel namens Mintonette als Zeitvertreib f\u00fcr \u00e4ltere Mitglieder\u00a0entwickelt. Es galt als sanfte Alternative zum Basketball, das im 16 km entfernten Springfield vier Jahre zuvor entstanden war. Die Hallensportart enthielt charakteristische Elemente aus Tennis und Handball. Morgan selbst verfasste auch die ersten Regeln. Diese sahen ein 25 x 50 Feet (7,62 m x 15,24 m) gro\u00dfes Feld und ein 6 Feet 6 Inches (1,98 m) hohes Netz vor. Die Zahl der Spieler war ebenso unbegrenzt wie die Zahl der erlaubten Ballkontakte. Bei einem Fehlaufschlag gab es wie beim Tennis einen zweiten Versuch.<\/span>\n\n<span style=\"color: #333399; font-family: arial,helvetica,sans-serif; font-size: 10pt;\">Anl\u00e4sslich einer Konferenz aller Sportdirektoren des YMCA in Springfield, zu Beginn des Jahres 1896, wurde das Spiel\u00a0vorgestellt, und der, 1952 nur geringf\u00fcgig ge\u00e4nderte, Name Volley Ball vorgeschlagen und akzeptiert. Auch die Regeln wurden leicht ver\u00e4ndert.<\/span>\n\n<span style=\"color: #333399; font-family: arial,helvetica,sans-serif; font-size: 10pt;\">In den folgenden Jahren verbreitete sich die Sportart \u00fcber Kanada (1900) in die ganze Welt. Sie wurde w\u00e4hrend des Ersten Weltkriegs von amerikanischen Soldaten in Osteuropa eingef\u00fchrt, wo er sich zu einem sehr popul\u00e4ren Sport entwickelte. Bis zur Mitte des 20. Jahrhunderts verbreitete er sich \u00fcber den gesamten Kontinent. Viele Techniken und Taktiken, die den modernen Volleyball pr\u00e4gen, wurden von europ\u00e4ischen Mannschaften eingef\u00fchrt. Beispiele hierf\u00fcr sind das Blocken (Tschechoslowakei, 1938), das 5-1 System der UdSSR, das Baggern (Tschechoslowakei, 1958) und die Angriffe aus der hinteren Reihe (Polen, 1974).<\/span>\n\n<span style=\"font-size: 14pt; color: #333399; font-family: arial,helvetica,sans-serif;\">Volleyball in der BSG EDEKA<\/span>\n\n<span style=\"color: #333399; font-family: arial,helvetica,sans-serif;\"><span style=\"font-size: 10pt;\">Die Sparte Volleyball(Freienbrink), wurde 2009 von Janko K\u00fchn gegr\u00fcndet. Seitdem nehmen wir an unz\u00e4hligen Turnieren teil. Wir freuen uns immer, wenn neue Gesichter aus der Edekagruppe das Interesse am Volleyballsport haben, und uns bei den Turnieren unterst\u00fctzen<\/span>.<\/span>\n\n<span style=\"color: #333399; font-family: arial,helvetica,sans-serif;\">\u00a0<\/span>\n\n<hr \/>\n\n<span style=\"font-family: arial,helvetica,sans-serif;\">\u00a0<\/span>\n\n<span style=\"color: #333399; font-size: 14pt; font-family: arial,helvetica,sans-serif;\">Ergebnisse<\/span>\n\n<hr \/>\n\n<span style=\"color: #333399;\">Mixed-Runde 2015\/2016<\/span>\n\n<a href=\"http:\/\/bsg-edeka.de\/wp-content\/uploads\/2014\/08\/15X-Rang_0_Page_2.jpg\"><img class=\"aligncenter size-full wp-image-3475\" src=\"http:\/\/bsg-edeka.de\/wp-content\/uploads\/2014\/08\/15X-Rang_0_Page_2.jpg\" alt=\"15x-rang_0_page_2\" width=\"1244\" height=\"384\" \/><\/a>\n\n<span style=\"color: #333399;\"><a style=\"color: #333399;\" href=\"http:\/\/bsg-edeka.de\/wp-content\/uploads\/2014\/08\/14X-Einzel_0-1.pdf\">14x-einzel_0<\/a> <\/span>\n\n<span style=\"color: #333399;\"><a style=\"color: #333399;\" href=\"http:\/\/bsg-edeka.de\/wp-content\/uploads\/2014\/08\/14X-Rang_0-1.pdf\">14x-rang_0<\/a><\/span>\n\n<hr \/>\n\n<span style=\"color: #333399;\">Mixed-Runde Volleyball Berlin 2015<\/span>\n<div><span style=\"color: #333399; font-size: 10pt;\">am 15.11. hatten wir unsern ersten Spieltag in der neuen Saison. Wir spielten gegen Brians J\u00fcnger und Friedenspfeifen. Beide Spiele haben wir 3:1 verloren.<\/span><\/div>\n<div><span style=\"color: #333399; font-size: 10pt;\">Leider sind die Ergebnisse noch nicht online.<\/span><\/div>\n<div><\/div>\n<div><\/div>\n<div><\/div>\n<div><\/div>\n<div><\/div>\n<div><\/div>\n<div><\/div>\n<div><\/div>\n<div>\n\n<hr \/>\n\n<\/div>\n<span style=\"color: #333399; font-size: 10pt;\"><a style=\"color: #333399;\" href=\"http:\/\/www.bsg-edeka.de\/wp-content\/uploads\/2014\/08\/Bericht-Start-der-neuen-Saison.pdf\">Bericht Start der neuen Saison<\/a><\/span>\n\n<span style=\"font-size: 10pt; color: #333399;\"><a style=\"color: #333399;\" href=\"http:\/\/bsg-edeka.de\/wp-content\/uploads\/2014\/08\/14X-Rang_01.pdf\">14X-Rang_0(1)<\/a><\/span>\n\n<span style=\"color: #333399; font-size: 10pt;\"><a style=\"color: #333399;\" href=\"http:\/\/www.bsg-edeka.de\/wp-content\/uploads\/2014\/08\/14X-Einzel_0.pdf\">14X-Einzel_0<\/a><\/span>\n\n<span style=\"color: #333399; font-size: 10pt;\"><a style=\"color: #333399;\" href=\"http:\/\/www.bsg-edeka.de\/wp-content\/uploads\/2014\/08\/14X-Rang_0.pdf\">14X-Rang_0<\/a><\/span>\n<p style=\"text-align: left;\"><span style=\"color: #333399; font-size: 10pt;\"><a style=\"color: #333399;\" href=\"http:\/\/www.bsg-edeka.de\/wp-content\/uploads\/2014\/08\/2014-2015mixedrunde.pdf\">2014-2015mixedrunde<\/a><\/span><\/p>\n<p style=\"text-align: left;\"><span style=\"color: #333399; font-size: 10pt;\"><a style=\"color: #333399;\" href=\"http:\/\/www.bsg-edeka.de\/wp-content\/uploads\/2014\/08\/mixed12%13.pdf\">mixed12%13<\/a><\/span><\/p>\n<p style=\"text-align: left;\"><span style=\"color: #333399; font-family: arial,helvetica,sans-serif; font-size: 10pt;\"><a style=\"color: #333399;\" href=\"http:\/\/www.bsg-edeka.de\/wp-content\/uploads\/2014\/08\/Ran-ans-Netz.pdf\">Ran ans Netz<\/a><a style=\"color: #333399;\" href=\"http:\/\/bsg-edeka.de\/wp-content\/uploads\/2014\/08\/DSC_1195.jpg\"><img class=\"alignright size-medium wp-image-487\" src=\"http:\/\/2014.bsg-edeka.de\/wp-content\/uploads\/2014\/08\/DSC_1195-300x200.jpg\" alt=\"DSC_1195\" width=\"300\" height=\"200\" \/><\/a><\/span><\/p>\n<p style=\"text-align: left;\"><span style=\"color: #333399; font-size: 10pt;\"><a style=\"color: #333399;\" href=\"http:\/\/www.bsg-edeka.de\/wp-content\/uploads\/2014\/08\/Spartenbericht-ran-ans-Netz-11.12.2011.pdf\">Spartenbericht ran ans Netz 11.12.2011<\/a><\/span><\/p>\n<p style=\"text-align: left;\"><span style=\"color: #333399; font-size: 10pt;\"><a style=\"color: #333399;\" href=\"http:\/\/www.bsg-edeka.de\/wp-content\/uploads\/2014\/08\/12X-Rang.pdf\">12X-Rang<\/a><\/span><\/p>\n<p style=\"text-align: left;\"><span style=\"color: #333399; font-size: 10pt;\"><a style=\"color: #333399;\" href=\"http:\/\/www.bsg-edeka.de\/wp-content\/uploads\/2014\/08\/Tabelle-VB-FB.pdf\">Tabelle VB FB<\/a><\/span><\/p>\n<p style=\"text-align: left;\"><span style=\"color: #333399; font-size: 10pt; font-family: arial,helvetica,sans-serif;\"> <a style=\"color: #333399;\" href=\"http:\/\/www.bsg-edeka.de\/wp-content\/uploads\/2014\/08\/Spielergebnisse-VB-FB.pdf\">Spielergebnisse VB FB<\/a>\n<\/span><\/p>\n<p style=\"text-align: left;\"><span style=\"color: #333399; font-size: 10pt;\"><a style=\"color: #333399;\" href=\"http:\/\/www.bsg-edeka.de\/wp-content\/uploads\/2014\/08\/frt12_spielplan_edeka.pdf\">frt12_spielplan_edeka<\/a><\/span><\/p>\n<p style=\"text-align: left;\"><span style=\"color: #333399; font-size: 10pt;\"><a style=\"color: #333399;\" href=\"http:\/\/www.bsg-edeka.de\/wp-content\/uploads\/2014\/08\/frt10_1.pdf\">frt10_1<\/a><\/span><\/p>\n<p style=\"text-align: left;\"><span style=\"color: #333399; font-size: 10pt;\"><a style=\"color: #333399;\" href=\"http:\/\/www.bsg-edeka.de\/wp-content\/uploads\/2014\/08\/fb_volleyball_spielbericht_1.pdf\">fb_volleyball_spielbericht_1<\/a><\/span><\/p>\n<p style=\"text-align: left;\"><span style=\"color: #333399; font-size: 10pt;\"><a style=\"color: #333399;\" href=\"http:\/\/www.bsg-edeka.de\/wp-content\/uploads\/2014\/08\/fb_volleyball_aufruf.pdf\">fb_volleyball_aufruf<\/a><\/span><\/p>\n\n<h3 style=\"text-align: center;\"><\/h3>","_et_gb_content_width":"","footnotes":""},"class_list":["post-482","page","type-page","status-publish","hentry"],"_links":{"self":[{"href":"https:\/\/www.bsg-edeka.de\/aktuelles\/wp-json\/wp\/v2\/pages\/482","targetHints":{"allow":["GET"]}}],"collection":[{"href":"https:\/\/www.bsg-edeka.de\/aktuelles\/wp-json\/wp\/v2\/pages"}],"about":[{"href":"https:\/\/www.bsg-edeka.de\/aktuelles\/wp-json\/wp\/v2\/types\/page"}],"author":[{"embeddable":true,"href":"https:\/\/www.bsg-edeka.de\/aktuelles\/wp-json\/wp\/v2\/users\/5"}],"replies":[{"embeddable":true,"href":"https:\/\/www.bsg-edeka.de\/aktuelles\/wp-json\/wp\/v2\/comments?post=482"}],"version-history":[{"count":1,"href":"https:\/\/www.bsg-edeka.de\/aktuelles\/wp-json\/wp\/v2\/pages\/482\/revisions"}],"predecessor-version":[{"id":7179,"href":"https:\/\/www.bsg-edeka.de\/aktuelles\/wp-json\/wp\/v2\/pages\/482\/revisions\/7179"}],"up":[{"embeddable":true,"href":"https:\/\/www.bsg-edeka.de\/aktuelles\/wp-json\/wp\/v2\/pages\/10"}],"wp:attachment":[{"href":"https:\/\/www.bsg-edeka.de\/aktuelles\/wp-json\/wp\/v2\/media?parent=482"}],"curies":[{"name":"wp","href":"https:\/\/api.w.org\/{rel}","templated":true}]}}