{"id":3879,"date":"2017-09-20T17:28:16","date_gmt":"2017-09-20T15:28:16","guid":{"rendered":"http:\/\/bsg-edeka.de\/?page_id=3879"},"modified":"2025-04-10T12:13:48","modified_gmt":"2025-04-10T10:13:48","slug":"kartsport","status":"publish","type":"page","link":"https:\/\/www.bsg-edeka.de\/aktuelles\/kartsport\/","title":{"rendered":"Kartsport"},"content":{"rendered":"<p>[et_pb_section fb_built=&#8220;1&#8243; _builder_version=&#8220;4.16&#8243; global_colors_info=&#8220;{}&#8220;][et_pb_row _builder_version=&#8220;4.16&#8243; global_colors_info=&#8220;{}&#8220;][et_pb_column type=&#8220;4_4&#8243; _builder_version=&#8220;4.16&#8243; custom_padding=&#8220;|||&#8220; global_colors_info=&#8220;{}&#8220; custom_padding__hover=&#8220;|||&#8220;][et_pb_post_title meta=&#8220;off&#8220; featured_image=&#8220;off&#8220; admin_label=&#8220;Kartsport&#8220; _builder_version=&#8220;4.27.4&#8243; hover_enabled=&#8220;0&#8243; border_style=&#8220;solid&#8220; global_colors_info=&#8220;{}&#8220; sticky_enabled=&#8220;0&#8243;][\/et_pb_post_title][et_pb_text admin_label=&#8220;Kartsport&#8220; _builder_version=&#8220;4.27.4&#8243; hover_enabled=&#8220;0&#8243; border_style=&#8220;solid&#8220; global_colors_info=&#8220;{}&#8220; sticky_enabled=&#8220;0&#8243;]<\/p>\n<p><strong>Betriebssportgruppe Kartsport<\/strong><\/p>\n<table style=\"border-collapse: collapse; width: 100%;\">\n<tbody>\n<tr>\n<td style=\"width: 50%;\"><a href=\"https:\/\/www.bsg-edeka.de\/wp-content\/uploads\/2023\/04\/edeka-kartsport-logo-freigestellt.png\"><img loading=\"lazy\" decoding=\"async\" class=\"wp-image-6457 aligncenter size-medium\" src=\"https:\/\/www.bsg-edeka.de\/wp-content\/uploads\/2023\/04\/edeka-kartsport-logo-freigestellt-300x225.png\" alt=\"\" width=\"300\" height=\"225\" \/><\/a><\/td>\n<td style=\"width: 49.8978%;\">\n<p dir=\"ltr\"><strong>Auf einen Blick:<\/strong><\/p>\n<p dir=\"ltr\"><strong>Trainingszeit:<\/strong> In der Regel jeden ersten Mittwoch im Monat ab 18:30 Uhr<br \/><strong>Ort:<\/strong> RaceDome Stadthagen Enzer Str. 94, 31655 Stadthagen<\/p>\n<p>Bei Interesse, einfach bei den Spartenleitern\u00a0<strong>Astrid Redeker <\/strong>oder <strong>J\u00f6rg Brosig (Tel.: 0571 802 2070)<\/strong> melden.<\/p>\n<p>Alle Geschlechter sind herzlich willkommen.<\/p>\n<p>Hier die Links zu unserem TikTok-Video:<\/p>\n<p>https:\/\/intranet.mi.edeka.net\/irj\/portal\/aktuelles?btxGuid=a06faec7-8a89-3d10-80b5-85d72fbd0cb5<\/p>\n<p><iframe loading=\"lazy\" title=\"1. April 2025\" width=\"1080\" height=\"608\" src=\"https:\/\/www.youtube.com\/embed\/1MBeofw7N-0?feature=oembed\"  allow=\"accelerometer; autoplay; clipboard-write; encrypted-media; gyroscope; picture-in-picture; web-share\" referrerpolicy=\"strict-origin-when-cross-origin\" allowfullscreen><\/iframe><\/p>\n<\/td>\n<\/tr>\n<\/tbody>\n<\/table>\n<p><strong>\u00dcber die Sparte:<\/strong><\/p>\n<p>Die Betriebssportgruppe \u201eEDEKA Kartsport\u201c besteht seit September 2017.<\/p>\n<p>Wir treffen uns einmal im Monat, um gemeinsam ca. eine Stunde zu fahren und zu trainieren. F\u00fcr gemeinsame Gespr\u00e4che findet sich nach dem Training immer Zeit.<\/p>\n<p>Wir trainieren vorwiegend Indoor (Halle) in Stadthagen, im Sommer gelegentlich auch Outdoor z.B.\u00a0 in Kirchlengern oder auf anderen Bahnen. Regelm\u00e4\u00dfig nehmen wir an Meisterschaften \/ Wettbewerben teil und waren hier in der Vergangenheit schon recht erfolgreich.<\/p>\n<p>Interessierten bieten wir ein einmaliges \u201eSchnuppertraining\u201c an. Vor dem eigentlichen Training k\u00f6nnen ein paar Proberunden gefahren werden, um sich mit Kart und Bahn vertraut zu machen. Jeder Interessierte erh\u00e4lt vor Ort eine Einweisung.<\/p>\n<p>F\u00fcr Fragen und weitere Ausk\u00fcnfte, z.B. Termine, Kleidung, (Leih-) Helme usw., meldet euch bitte bei den Spartenleitern, die euch gerne alles ausf\u00fchrlich erkl\u00e4ren.<\/p>\n<p>\u00dcber neue Kartsportbegeisterte (interne und externe Mitarbeiter der EDEKA, Familienangeh\u00f6rige, Freunde) freuen wir uns jederzeit und hei\u00dfen sie bei uns <strong>HERZLICH WILLKOMMEN.<\/strong><\/p>\n<hr \/>\n<p>[\/et_pb_text][\/et_pb_column][\/et_pb_row][et_pb_row column_structure=&#8220;1_4,1_4,1_4,1_4&#8243; disabled_on=&#8220;on|on|on&#8220; admin_label=&#8220;Segeln&#8220; _builder_version=&#8220;4.16&#8243; background_size=&#8220;initial&#8220; background_position=&#8220;top_left&#8220; background_repeat=&#8220;repeat&#8220; disabled=&#8220;on&#8220; global_colors_info=&#8220;{}&#8220;][et_pb_column type=&#8220;1_4&#8243; admin_label=&#8220;Segeln&#8220; _builder_version=&#8220;4.16&#8243; custom_padding=&#8220;|||&#8220; global_colors_info=&#8220;{}&#8220; custom_padding__hover=&#8220;|||&#8220;][et_pb_button button_url=&#8220;http:\/\/www.bsg-edeka.de\/geschichte-des-kartsport&#8220; button_text=&#8220;Geschichte des Kartsport&#8220; admin_label=&#8220;Link zur Geschichte Kartsport&#8220; _builder_version=&#8220;4.16&#8243; global_colors_info=&#8220;{}&#8220; button_text_size__hover_enabled=&#8220;off&#8220; button_one_text_size__hover_enabled=&#8220;off&#8220; button_two_text_size__hover_enabled=&#8220;off&#8220; button_text_color__hover_enabled=&#8220;off&#8220; button_one_text_color__hover_enabled=&#8220;off&#8220; button_two_text_color__hover_enabled=&#8220;off&#8220; button_border_width__hover_enabled=&#8220;off&#8220; button_one_border_width__hover_enabled=&#8220;off&#8220; button_two_border_width__hover_enabled=&#8220;off&#8220; button_border_color__hover_enabled=&#8220;off&#8220; button_one_border_color__hover_enabled=&#8220;off&#8220; button_two_border_color__hover_enabled=&#8220;off&#8220; button_border_radius__hover_enabled=&#8220;off&#8220; button_one_border_radius__hover_enabled=&#8220;off&#8220; button_two_border_radius__hover_enabled=&#8220;off&#8220; button_letter_spacing__hover_enabled=&#8220;off&#8220; button_one_letter_spacing__hover_enabled=&#8220;off&#8220; button_two_letter_spacing__hover_enabled=&#8220;off&#8220; button_bg_color__hover_enabled=&#8220;off&#8220; button_one_bg_color__hover_enabled=&#8220;off&#8220; button_two_bg_color__hover_enabled=&#8220;off&#8220;][\/et_pb_button][\/et_pb_column][et_pb_column type=&#8220;1_4&#8243; admin_label=&#8220;Segeln&#8220; _builder_version=&#8220;4.16&#8243; custom_padding=&#8220;|||&#8220; global_colors_info=&#8220;{}&#8220; custom_padding__hover=&#8220;|||&#8220;][et_pb_button button_url=&#8220;http:\/\/www.bsg-edeka.de\/kartsport-ueber-uns&#8220; button_text=&#8220;\u00dcber die Sparte Kartsport&#8220; admin_label=&#8220;Taste \u00fcber Sparte Kartsport&#8220; _builder_version=&#8220;4.16&#8243; global_colors_info=&#8220;{}&#8220; button_text_size__hover_enabled=&#8220;off&#8220; button_one_text_size__hover_enabled=&#8220;off&#8220; button_two_text_size__hover_enabled=&#8220;off&#8220; button_text_color__hover_enabled=&#8220;off&#8220; button_one_text_color__hover_enabled=&#8220;off&#8220; button_two_text_color__hover_enabled=&#8220;off&#8220; button_border_width__hover_enabled=&#8220;off&#8220; button_one_border_width__hover_enabled=&#8220;off&#8220; button_two_border_width__hover_enabled=&#8220;off&#8220; button_border_color__hover_enabled=&#8220;off&#8220; button_one_border_color__hover_enabled=&#8220;off&#8220; button_two_border_color__hover_enabled=&#8220;off&#8220; button_border_radius__hover_enabled=&#8220;off&#8220; button_one_border_radius__hover_enabled=&#8220;off&#8220; button_two_border_radius__hover_enabled=&#8220;off&#8220; button_letter_spacing__hover_enabled=&#8220;off&#8220; button_one_letter_spacing__hover_enabled=&#8220;off&#8220; button_two_letter_spacing__hover_enabled=&#8220;off&#8220; button_bg_color__hover_enabled=&#8220;off&#8220; button_one_bg_color__hover_enabled=&#8220;off&#8220; button_two_bg_color__hover_enabled=&#8220;off&#8220;][\/et_pb_button][\/et_pb_column][et_pb_column type=&#8220;1_4&#8243; admin_label=&#8220;Segeln&#8220; _builder_version=&#8220;4.16&#8243; custom_padding=&#8220;|||&#8220; global_colors_info=&#8220;{}&#8220; custom_padding__hover=&#8220;|||&#8220;][et_pb_button button_url=&#8220;http:\/\/www.bsg-edeka.de\/kartsport-die-grundregeln&#8220; button_text=&#8220;Regelkunde Kartsport&#8220; admin_label=&#8220;Taste zur Kartsport Regelkunde&#8220; _builder_version=&#8220;4.16&#8243; global_colors_info=&#8220;{}&#8220; button_text_size__hover_enabled=&#8220;off&#8220; button_one_text_size__hover_enabled=&#8220;off&#8220; button_two_text_size__hover_enabled=&#8220;off&#8220; button_text_color__hover_enabled=&#8220;off&#8220; button_one_text_color__hover_enabled=&#8220;off&#8220; button_two_text_color__hover_enabled=&#8220;off&#8220; button_border_width__hover_enabled=&#8220;off&#8220; button_one_border_width__hover_enabled=&#8220;off&#8220; button_two_border_width__hover_enabled=&#8220;off&#8220; button_border_color__hover_enabled=&#8220;off&#8220; button_one_border_color__hover_enabled=&#8220;off&#8220; button_two_border_color__hover_enabled=&#8220;off&#8220; button_border_radius__hover_enabled=&#8220;off&#8220; button_one_border_radius__hover_enabled=&#8220;off&#8220; button_two_border_radius__hover_enabled=&#8220;off&#8220; button_letter_spacing__hover_enabled=&#8220;off&#8220; button_one_letter_spacing__hover_enabled=&#8220;off&#8220; button_two_letter_spacing__hover_enabled=&#8220;off&#8220; button_bg_color__hover_enabled=&#8220;off&#8220; button_one_bg_color__hover_enabled=&#8220;off&#8220; button_two_bg_color__hover_enabled=&#8220;off&#8220;][\/et_pb_button][\/et_pb_column][et_pb_column type=&#8220;1_4&#8243; admin_label=&#8220;Segeln&#8220; _builder_version=&#8220;4.16&#8243; custom_padding=&#8220;|||&#8220; global_colors_info=&#8220;{}&#8220; custom_padding__hover=&#8220;|||&#8220;][\/et_pb_column][\/et_pb_row][et_pb_row column_structure=&#8220;3_4,1_4&#8243; admin_label=&#8220;Segeln&#8220; _builder_version=&#8220;4.16&#8243; background_size=&#8220;initial&#8220; background_position=&#8220;top_left&#8220; background_repeat=&#8220;repeat&#8220; global_colors_info=&#8220;{}&#8220;][et_pb_column type=&#8220;3_4&#8243; _builder_version=&#8220;4.16&#8243; custom_padding=&#8220;|||&#8220; global_colors_info=&#8220;{}&#8220; custom_padding__hover=&#8220;|||&#8220;][et_pb_blog include_categories=&#8220;58&#8243; show_content=&#8220;on&#8220; admin_label=&#8220;Blog Kartsport&#8220; _builder_version=&#8220;4.20.4&#8243; background_color=&#8220;RGBA(255,255,255,0)&#8220; pagination_font_size_tablet=&#8220;51&#8243; pagination_line_height_tablet=&#8220;2&#8243; border_style=&#8220;solid&#8220; use_dropshadow=&#8220;off&#8220; global_colors_info=&#8220;{}&#8220;][\/et_pb_blog][\/et_pb_column][et_pb_column type=&#8220;1_4&#8243; _builder_version=&#8220;4.16&#8243; custom_padding=&#8220;|||&#8220; global_colors_info=&#8220;{}&#8220; custom_padding__hover=&#8220;|||&#8220;][et_pb_sidebar area=&#8220;sidebar-1&#8243; _builder_version=&#8220;4.16&#8243; global_colors_info=&#8220;{}&#8220;][\/et_pb_sidebar][\/et_pb_column][\/et_pb_row][\/et_pb_section]<\/p>\n","protected":false},"excerpt":{"rendered":"<p>Betriebssportgruppe Kartsport Auf einen Blick: Trainingszeit: In der Regel jeden ersten Mittwoch im Monat ab 18:30 UhrOrt: RaceDome Stadthagen Enzer Str. 94, 31655 Stadthagen Bei Interesse, einfach bei den Spartenleitern\u00a0Astrid Redeker oder J\u00f6rg Brosig (Tel.: 0571 802 2070) melden. Alle Geschlechter sind herzlich willkommen. Hier die Links zu unserem TikTok-Video: https:\/\/intranet.mi.edeka.net\/irj\/portal\/aktuelles?btxGuid=a06faec7-8a89-3d10-80b5-85d72fbd0cb5 https:\/\/m.youtube.com\/shorts\/1MBeofw7N-0?si=sR6RKnSf4Qjgya7P \u00dcber die Sparte: [&hellip;]<\/p>\n","protected":false},"author":21,"featured_media":0,"parent":0,"menu_order":0,"comment_status":"closed","ping_status":"closed","template":"","meta":{"_et_pb_use_builder":"on","_et_pb_old_content":"<p><strong>Geschichte des Kartsport<\/strong><\/p><p>Das erste Kart wurde 1956 vom US-amerikanischen Ingenieur Art Ingels gebaut und ausger\u00fcstet mit einem Rasenm\u00e4hermotor, der \u00fcber eine Fahrradkette ein Hinterrad antrieb. Ingels, der zuvor bei Kurtis Kraft Rennwagen baute, stie\u00df mit seiner Erfindung auf gro\u00dfes Interesse. Schnell fanden sich Nachahmer des simplen Konzepts und auf Parkpl\u00e4tzen wurden erste Rennen ausgetragen. Bereits 1959 wurden Karts auf der Pariser Automobilausstellung gezeigt und fanden so ihren Weg nach Europa.<\/p><p>Das erste Go-Kart-Rennen auf deutschem Boden fand im April 1960 in Wiesbaden statt. (Quelle: Wikipedia)<\/p><p><strong>Kart fahren<\/strong><\/p><p>Das <strong>Kart<\/strong> (auch <em>Go-Kart<\/em>) ist ein einsitziges, offenes, mit einem Verbrennungs- oder Elektromotor ausger\u00fcstetes Fahrzeug, das in seiner Bauweise an Tretautous angelehnt ist.<\/p><p>Der <strong>Kartsport<\/strong> (auch <em>Karting<\/em> genannt) ist der Teil des Motorsports bei dem die Fahrer mit Karts auf speziellen daf\u00fcr gebauten Kartbahnen (Indoor und Outdoor) Wettbewerbe austragen. Daneben gibt es noch die Hobbyvariante, bei der jedermann auf Kartbahnen zum Zeitvertreib mit Leihkarts fahren kann. Diese Karts haben etwa 8\u201310 PS.<\/p><p>Durch ihre einfache und leichte Bauweise sind Karts sehr schnell und agil. Durch den niedrigen Schwerpunkt, nur wenige Zentimeter \u00fcber der Fahrbahn, werden im Kartsport hohe Kurvengeschwindigkeiten erzielt. Kartsport wird auch von Kindern und Jugendlichen betrieben. (Quelle: Wikipedia)<\/p><p><strong>Betriebssportgruppe Kart<\/strong><\/p><p>Am 26.06.2017 wurde die Betriebssportgruppe \u201eKart\u201c gegr\u00fcndet. Wir bieten 6 bis 12 Termine im Jahr an, um gemeinsam ca. eine Stunde zu fahren und zu trainieren. Im Anschluss bleibt noch Zeit f\u00fcr eine gesellige Runde und \u201eBenzingespr\u00e4che\u201c. Trainiert wird meistens in Stadthagen (Halle \/ Indoor), im Sommer vielleicht auch Outdoor in Preu\u00df. Oldendorf, Kirchlengern, usw.<\/p><p>Zum einmaligen \"Schnuppern\" bieten wir an, dass Interessierte an einer \"Montagsrunde\", die nicht zur Betriebssportgruppe geh\u00f6rt und einmal im Monat stattfindet, f\u00fcr 25 Minuten mitfahren kann.<\/p><p>F\u00fcr Fragen und weitere Ausk\u00fcnfte meldet euch bitte direkt bei den Spartenleitern, die euch gerne alles ausf\u00fchrlich erkl\u00e4ren.<\/p><p>Astrid Redeker, Mail: redeker@bsg-edeka.de<br \/> J\u00f6rg Berndt, Mail; berndt@bsg-edeka.de<\/p><hr \/><p>[posts-to-page cat_id=58]<\/p>","_et_gb_content_width":"","footnotes":""},"class_list":["post-3879","page","type-page","status-publish","hentry"],"_links":{"self":[{"href":"https:\/\/www.bsg-edeka.de\/aktuelles\/wp-json\/wp\/v2\/pages\/3879","targetHints":{"allow":["GET"]}}],"collection":[{"href":"https:\/\/www.bsg-edeka.de\/aktuelles\/wp-json\/wp\/v2\/pages"}],"about":[{"href":"https:\/\/www.bsg-edeka.de\/aktuelles\/wp-json\/wp\/v2\/types\/page"}],"author":[{"embeddable":true,"href":"https:\/\/www.bsg-edeka.de\/aktuelles\/wp-json\/wp\/v2\/users\/21"}],"replies":[{"embeddable":true,"href":"https:\/\/www.bsg-edeka.de\/aktuelles\/wp-json\/wp\/v2\/comments?post=3879"}],"version-history":[{"count":1,"href":"https:\/\/www.bsg-edeka.de\/aktuelles\/wp-json\/wp\/v2\/pages\/3879\/revisions"}],"predecessor-version":[{"id":7755,"href":"https:\/\/www.bsg-edeka.de\/aktuelles\/wp-json\/wp\/v2\/pages\/3879\/revisions\/7755"}],"wp:attachment":[{"href":"https:\/\/www.bsg-edeka.de\/aktuelles\/wp-json\/wp\/v2\/media?parent=3879"}],"curies":[{"name":"wp","href":"https:\/\/api.w.org\/{rel}","templated":true}]}}